False
Suppose 5*c + 81 = 541. Is 1 + 23/(c/15528) prime?
False
Let a = -6 + 11. Suppose a*o + 6*o = 124685. Is o a prime number?
False
Let r = 341449 - 153312. Is r prime?
True
Let t(x) = 15*x + 32. Suppose 4*w + q - 20 = 0, -5*w + 12 = 2*q - 4*q. Let a be 342/12*w/6. Is t(a) composite?
False
Let v be (0 - (2 + -6 + 1)) + 1. Let g be 856/((0 + 3)/3). Suppose 145 = z + v*o, o + g = 5*z + 110. Is z composite?
False
Let j be (0 - -37)*(-3)/((-9)/3). Suppose -2*v - 5 = -j. Is (-1 - v/(-12))*1137 prime?
True
Let l(t) = 2499*t**2 - 53. Is l(6) a prime number?
False
Let q(u) = -u**2 - 4*u + 51. Let f be q(-9). Suppose -f*k + 104360 = 2*k. Is k composite?
True
Suppose -6 = -3*d + 9. Let m(p) be the second derivative of 35*p**4/12 - p**3/2 - 9*p**2/2 - p. Is m(d) a composite number?
True
Let k(q) = -558*q**3 - 13*q**2 - 36*q + 39. Is k(-8) prime?
True
Suppose -4167 = -4*y - 4*f + 7537, 0 = f + 1. Is y prime?
True
Suppose -40*k + 44*k = 3*l - 3070589, 3*k + 15 = 0. Is l prime?
False
Let k = -19 + 30. Let a(j) = 56*j - 53. Is a(k) composite?
False
Let t(f) = 8674*f**2 + 54*f - 9. Is t(-4) a composite number?
False
Suppose -5*q = -25 - 35. Suppose -6 = -2*o, 0 = -y + 2*y + o - 9. Is 644/y*18/q composite?
True
Let o(f) = 726*f - 6. Suppose -6 = -5*b - 2*h, -b = -3*h - 2 - 6. Let r be o(b). Suppose a - r = -a. Is a a prime number?
False
Let s(i) = 544*i**2 - 26*i + 277. Is s(9) a prime number?
False
Is (-3235035)/(-57) - (2 - 2) a composite number?
True
Suppose a - 2*x + 3*x - 402 = 0, 2*a - 5*x = 776. Suppose 4*m - a = -346. Is m a composite number?
False
Suppose 9*x - 136 = 8. Is x/(-24) - (14252/(-12) + -2) a prime number?
False
Let z = 117509 + -51997. Suppose -23*h = -15*h - z. Is h a composite number?
True
Suppose -5*t - 9*a - 26 = -13*a, 18 = -t + 4*a. Is (-6437)/((0 + t)/(-2) - 2) prime?
False
Suppose 0 = 2*h - 6*h - 184. Let y = h - -64. Is -2 - (2912/39)/((-4)/y) prime?
False
Let n(c) = 688*c**2 + 103*c + 314. Is n(-3) prime?
True
Suppose -5*h + 564435 = 5*d, 80810 = d + 4*h - 32071. Is d composite?
True
Let w(r) = 12*r**2 + 5*r + 23. Let h(c) = 23*c + 4*c**2 - 2*c**2 + 4*c + 19. Let j be h(-13). Is w(j) composite?
True
Let z be (-9)/(-6)*(-8)/(-3). Suppose 0*o + 5*h = o - 22, 0 = o + z*h - 22. Let v = o - -141. Is v a prime number?
True
Suppose 0 = o + 789 + 1927. Let m = o - -1727. Let k = 1896 + m. Is k prime?
True
Suppose -20424501 = -241*c + 214*c. Is c prime?
True
Let p(b) = 9*b - 26. Let l be p(15). Let q(r) = -145*r + l - 91*r - 98. Is q(-12) composite?
False
Suppose f - 5*g - 8 + 3 = 0, -120 = -4*f - 5*g. Suppose -10 = 3*v - f. Suppose -2963 = -2*i - v*t, -2*i + 4*t = t - 2923. Is i a composite number?
True
Let v = 29 - 33. Let o be (1 + (-14)/6)*6/v. Is 1/o + (-1410)/(-20) a composite number?
False
Suppose 2 = 2*r, s + 2*r = -3*r + 26. Suppose -l + 3 = s. Is (-19 - l)/(0 + 1/(-1117)) composite?
False
Suppose -132 = s + 42. Let l = s - -103. Let m = l + 520. Is m composite?
False
Is (16 - (-10 + 128659))/(-1) a composite number?
True
Suppose 161181 - 148554 = 15*t - 760128. Is t a prime number?
True
Suppose -4*k + 44563 - 517135 = 0. Is (-3)/(118170/k + 3/3) composite?
False
Let y(m) = 3*m + 40. Let j(a) = -9*a - 118. Let o(x) = -6*j(x) - 17*y(x). Let s be o(-12). Is (-1 - s/(-4)) + 428 - 3 composite?
True
Let m(k) = -2893*k**3 + 3*k**2 + 11*k + 8. Is m(-3) a prime number?
False
Suppose 4*k - 389183 + 2948969 = 2*s, 0 = k. Suppose 34*u - s = 600545. Is u composite?
True
Let x be 74/14 - 14/49. Suppose 6*s = x*s. Suppose -4*b + i + 457 = -s*b, 5*i + 215 = 2*b. Is b a prime number?
False
Suppose -c - 20 = -k, -2*c - 3*c = -4*k + 95. Is (6 + (-23455)/c)*3*1 composite?
True
Let t(h) = 59*h - 3. Suppose -x + 51 + 22 = 0. Let w = x + -71. Is t(w) a prime number?
False
Let j be 68/(-12) + 10 - 2/(-3). Suppose 3*n + n - 3*s - 12856 = 0, -3*n - j*s = -9671. Is n composite?
False
Let i(v) = -11*v**2 - 4*v. Let x be i(2). Let n = x + 52. Suppose n = 8*t - 11353 - 8559. Is t a prime number?
False
Is (1 - 5) + ((-36)/20)/((-120)/1908200) composite?
False
Let x(i) = -12*i - 28. Let n be x(-16). Let g = 2 + n. Is g composite?
True
Is (-98)/(-539) + 1775625/33 + 2 composite?
True
Let y(v) = v**3 + 28*v**2 + 21*v + 67. Let b be (-3)/4 - (-279)/(-12). Let k be y(b). Let t = k + -1236. Is t a prime number?
True
Suppose 0 = -50*k - 572721 + 3545771. Is k composite?
True
Let w(f) = f**3 - 37*f**2 + 36*f + 27. Let y be w(36). Suppose -28*s = -y*s - 419. Is s composite?
False
Let t = -27962 - -164199. Is t prime?
True
Is ((3 - 4)/1)/(11272802/(-751519) + 15) a prime number?
True
Let v(h) = h**2 + 27*h - 58. Let w be v(-29). Suppose w = 7*x + 8311 - 75042. Is x prime?
True
Let v(y) = 6*y - 36. Let z be v(8). Suppose -z = -w - 8. Suppose w*c - 434 = 314. Is c a prime number?
False
Let v(p) be the third derivative of -69*p**4/8 - 37*p**3/6 - 114*p**2. Is v(-2) a prime number?
False
Suppose 0 = v - 2*c - 7, 9*c = -v + 4*c - 7. Is 5113 + (-5 - (-3 - v)) prime?
False
Suppose 0 = -3*i - n + 15285, 3*i - 15028 = 5*n + 257. Let u = i - 2517. Is u a composite number?
True
Is (-1479228)/(-58) + 22/319 + -5 a prime number?
False
Let n(c) = 124426*c**2 + 1347*c + 1348. Is n(-1) a prime number?
True
Suppose -4*d + 23819 = 3*p - 22718, 2*p - 2*d - 31020 = 0. Is p prime?
True
Let q = 168884 + 37781. Is q a composite number?
True
Suppose 7 = -0*w + w. Suppose -a - 6 = w*z - 3*z, 0 = -3*a - 4*z + 22. Is (-4)/a - 1/(63/(-44685)) composite?
False
Let g(i) = -5*i - 87. Let j(c) = -6*c - 87. Let k(z) = 2*g(z) - 3*j(z). Let f(x) = 8*x + 88. Let b(r) = -4*f(r) + 5*k(r). Is b(27) composite?
True
Let o = 122463 + -66622. Is o prime?
False
Suppose -5 = -b, 7*b - 7972 = -y + 4*b. Let z = y - 4610. Is z a composite number?
False
Suppose 5*r - 3373 = -2*y, 0 = 3*y + 2*r - 4324 - 719. Suppose 18609 = 5*h + y. Is h composite?
True
Suppose 5*k + 4*a + 17223 = -4509, 4*k = 5*a - 17402. Let m = k - -7250. Is m prime?
False
Let a(h) = h**2 - 6*h + 10. Let f be a(4). Suppose 0 = -2*y - 2, -2*y + 0*y + 276 = f*v. Is v a composite number?
False
Let q = 241 + -251. Let t(m) = -284*m - 121. Is t(q) composite?
False
Suppose -40*r + 13*r = -1920213. Is r composite?
False
Suppose -159*t - 31894971 + 36634219 = -86580971. Is t a prime number?
False
Let m = 798695 - 309508. Is m a composite number?
True
Suppose 21*f + 4317 = -i + 19*f, -4*i + 3*f = 17246. Let z = -1850 - i. Is z a composite number?
True
Let g = -14243 - -23146. Is g prime?
False
Let k(b) = b**3 + 4*b**2 - 2*b - 16. Let x be k(-3). Is (7 + x)*1/((-4)/(-2246)) a prime number?
False
Suppose -5*g + 833 = -42. Let f = g + 42. Suppose -2*k - 2*k = -3*d + f, -4*k = 2*d - 138. Is d composite?
False
Let n be (76/(-8) + 8)/(2/(-4)). Suppose 8 = -f + z, 23 - n = -3*f + z. Is ((-3554)/f)/(224/72 + -3) a composite number?
True
Let b = -3004 + 3006. Suppose -46893 = 2*d - 5*d + 4*w, w + 15631 = d. Suppose -b*p + d = 5*c, 2*p + p - 9375 = -3*c. Is c a composite number?
True
Let p(m) = 2*m**2 + m + 3. Let o be p(-3). Suppose 20*d = 14*d + o. Suppose -d*j - 3*j = -1110. Is j a prime number?
False
Suppose 0 = -10*u + 137089 + 265441. Is u composite?
False
Let u = -46 - -47. Let t be (-15)/(-6) - u/(-2). Suppose -594 + 1761 = t*b. Is b a prime number?
True
Is 2/4*6169116/(54/9) composite?
False
Let u(q) = 137*q - 9. Suppose 2*t - 12 = -4*w - 3*t, -3 = -w - 5*t. Suppose 23 = 2*h + w. Is u(h) composite?
False
Let i(w) = 5260*w**2 - 32*w + 65. Is i(2) a prime number?
False
Let z(l) = -392*l**3 - 6*l**2 - 14*l + 2. Let w(p) = -p**3 - 3*p - 1. Let q(t) = -5*w(t) + z(t). Is q(-3) a composite number?
False
Suppose 5*z - 60 = 5*v, 2*z - 7*z - 21 = 4*v. Let l(q) = -16*q - 35. Let g be l(v). Let y = g - -49. Is y a prime number?
False
Let v(w) = -3*w**3 - 67*w**2 + 11*w + 33. Let r be ((-28)/(-8))/((-2)/(-4)). Let a(k) = k**3 + 22*k**2 - 4*k - 11. Let u(z) = r*a(z) + 2*v(z). Is u(-18) prime?
False
Let n(r) = 3888*r + 28. Let h be n(6). Suppose -3*k + 92472 = 2*w + h, -k - 3*w + 23041 = 0. Is k prime?
False
Let z = 279131 - 150708. Is z prime?
False
Suppose 4 = q, k = -4*k - 4*q + 31. Let x be (0 - -2)*(k - (-5)/(-2)). Is (x - 1/2)*(-20168)/(-4) prime?
True
Suppose 2*t + 21 = 5*s + 3*t, -t - 19 = -3*s. Is 358 - (0 - (s + -4)) composite?
False
Suppose 0 = 82*p - 85